{"id":32,"date":"2024-04-06T00:22:20","date_gmt":"2024-04-05T22:22:20","guid":{"rendered":"https:\/\/afref.eu\/?page_id=32"},"modified":"2024-04-06T00:22:20","modified_gmt":"2024-04-05T22:22:20","slug":"presentation","status":"publish","type":"page","link":"https:\/\/afref.eu\/index.php\/presentation\/","title":{"rendered":"Pr\u00e9sentation"},"content":{"rendered":"\n<p>L\u2019AFREF constitue un lieu de veille, d\u2019ouverture, d\u2019\u00e9change, de d\u00e9bat et de recherche.<\/p>\n\n\n\n<h3 class=\"wp-block-heading\">Ses principes<\/h3>\n\n\n\n<p>Elle puise sa richesse et sa notori\u00e9t\u00e9 dans la pluralit\u00e9 d\u2019exp\u00e9riences et d\u2019opinions de ses membres, de ses intervenants et de son public. Elle ne s\u2019enferme dans aucun courant de pens\u00e9e ni dans aucune doctrine.<\/p>\n\n\n\n<p>Mais elle milite pour que le syst\u00e8me de formation fran\u00e7ais soit pens\u00e9 et organis\u00e9 en priorit\u00e9, en vue de l\u2019autonomie et de l\u2019\u00e9mancipation des personnes aux plans professionnel et personnel. En d\u2019autres termes, pour que les diff\u00e9rentes modalit\u00e9s d\u2019apprentissages tout au long de la vie, soient accessibles \u00e0 tous pour de d\u00e9veloppement personnel, l\u2019inclusion sociale et le d\u00e9veloppement de comp\u00e9tences professionnelles.<\/p>\n\n\n\n<p>L\u2019AFREF agit en tant qu\u2019association r\u00e9gie par la loi de 1901. Elle n\u2019a aucun but lucratif. Elle finance ses activit\u00e9s par le produit des adh\u00e9sions de ses membres et par celui des participations d\u2019acteurs ext\u00e9rieurs \u00e0 l\u2019association aux s\u00e9minaires qu\u2019elle organise.<\/p>\n\n\n\n<h3 class=\"wp-block-heading\">Ses engagements<\/h3>\n\n\n\n<p>L\u2019AFREF entend ainsi contribuer par son action, \u00e0 engager diff\u00e9rents acteurs-clefs (d\u00e9cideurs politiques ou de la soci\u00e9t\u00e9 civile et responsables du champ de la formation au plan p\u00e9dagogique, institutionnel ou organisationnel) dans une r\u00e9flexion critique sur notre syst\u00e8me de formation des adultes et dans la production d\u2019actions correctives et\/ou innovantes<\/p>\n\n\n\n<p>L\u2019AFREF s\u2019engage \u00e0 offrir aux acteurs pr\u00e9cit\u00e9s, un ensemble de moyens propres \u00e0 favoriser la circulation des informations, la r\u00e9flexion, les \u00e9changes, et l\u2019action.<\/p>\n\n\n\n<p>Cet engagement se d\u00e9cline en 4 points susceptibles d\u2019\u00eatre augment\u00e9s et enrichis en fonction de l\u2019\u00e9volution de l\u2019activit\u00e9 de l\u2019AFREF&nbsp;:<\/p>\n\n\n\n<ul class=\"wp-block-list\">\n<li><strong>Organiser r\u00e9guli\u00e8rement des s\u00e9minaires, o\u00f9 des experts et des praticiens sont invit\u00e9s \u00e0 pr\u00e9senter leurs travaux et leurs r\u00e9flexions en interaction avec le public.<\/strong><\/li>\n\n\n\n<li><strong>Offrir \u00e0 ses adh\u00e9rents des moments et lieux de rencontre pour partager des recherches, effectuer des \u00e9tudes et conduire des projets.<\/strong><\/li>\n\n\n\n<li><strong>Diffuser largement les productions de ses membres et les comptes rendus des s\u00e9minaires.<\/strong><\/li>\n\n\n\n<li><strong>Offrir sur son site, un lieu de veille et de partage des informations et des productions dans le champ de l\u2019\u00c9ducation permanente.<\/strong><\/li>\n<\/ul>\n\n\n\n<h3 class=\"wp-block-heading\">Ses services<\/h3>\n\n\n\n<p>Les Jeudis, conf\u00e9rences-d\u00e9bats ouverts au public, constituent des temps forts de r\u00e9flexion et d\u2019\u00e9change sur des th\u00e8mes d\u2019actualit\u00e9 ou sur des aspects fondamentaux du d\u00e9veloppement des comp\u00e9tences et de la formation dans leur dimension europ\u00e9enne. Ces \u00ab\u00a0Jeudis\u00a0\u00bb, \u00e0 raison d\u2019une dizaine chaque ann\u00e9e, se d\u00e9roulent g\u00e9n\u00e9ralement sur une matin\u00e9e.<\/p>\n\n\n\n<p>Les Cercles de r\u00e9flexion et d\u2019\u00e9change permettent aux participants (adh\u00e9rents et experts) de produire des dossiers th\u00e9matiques et partager des ressources documentaires, d\u2019effectuer des recherches et de conduire des projets, en vue de publications et d\u2019organiser des manifestations.<\/p>\n\n\n\n<p>Les Petits D\u00e9jeuners sont consacr\u00e9s \u00e0 la pr\u00e9sentation et la discussion d\u2019une exp\u00e9rience, d\u2019un outil ou d\u2019une publication.<\/p>\n\n\n\n<p>Le site afref.org, v\u00e9ritable outil de travail, permet \u00e0 tous publics d\u2019acc\u00e9der \u00e0 la programmation des services offerts et \u00e0 une veille documentaire professionnelle en formation des adultes. Il offre aux adh\u00e9rents, la possibilit\u00e9 de disposer d\u2019une m\u00e9diath\u00e8que, \u00e0 partir de laquelle ils peuvent consulter des extraits vid\u00e9o, des comptes rendus \u00e9crits des \u00ab\u00a0Jeudis\u00a0\u00bb et diff\u00e9rentes productions de l\u2019AFREF.<\/p>\n\n\n\n<h3 class=\"wp-block-heading\">Ses administrateurs<\/h3>\n\n\n\n<p>Bureau&nbsp;:<\/p>\n\n\n\n<ul class=\"wp-block-list\">\n<li>Patrick Waeles\u00a0: pr\u00e9sident,<\/li>\n\n\n\n<li>\u00c9lodie Salin\u00a0: secr\u00e9taire,<\/li>\n\n\n\n<li>Bernard Barbier : tr\u00e9sorier.<\/li>\n<\/ul>\n\n\n\n<p>Autres administrateurs&nbsp;:<br>Michel Beaujard, Vincent Cibois, Emilie Cr\u00e8che (CAFOC 75), St\u00e9phanie Dupr\u00e9, Marie-Luce Fily-Kerever, Sandra Jeansonnie, Hugues Lenoir (FCU), Pierrette Sorel.<\/p>\n","protected":false},"excerpt":{"rendered":"<p>L\u2019AFREF constitue un lieu de veille, d\u2019ouverture, d\u2019\u00e9change, de d\u00e9bat et de recherche. Ses principes Elle puise sa richesse et sa notori\u00e9t\u00e9 dans la pluralit\u00e9 d\u2019exp\u00e9riences et d\u2019opinions de ses membres, de ses intervenants et de son public. Elle ne s\u2019enferme dans aucun courant de pens\u00e9e ni dans aucune doctrine. Mais elle milite pour que &hellip; <a href=\"https:\/\/afref.eu\/index.php\/presentation\/\" class=\"more-link\">Continuer la lecture<span class=\"screen-reader-text\"> de &laquo;&nbsp;Pr\u00e9sentation&nbsp;&raquo;<\/span><\/a><\/p>\n","protected":false},"author":1,"featured_media":0,"parent":0,"menu_order":0,"comment_status":"closed","ping_status":"closed","template":"","meta":{"footnotes":""},"class_list":["post-32","page","type-page","status-publish","hentry"],"_links":{"self":[{"href":"https:\/\/afref.eu\/index.php\/wp-json\/wp\/v2\/pages\/32","targetHints":{"allow":["GET"]}}],"collection":[{"href":"https:\/\/afref.eu\/index.php\/wp-json\/wp\/v2\/pages"}],"about":[{"href":"https:\/\/afref.eu\/index.php\/wp-json\/wp\/v2\/types\/page"}],"author":[{"embeddable":true,"href":"https:\/\/afref.eu\/index.php\/wp-json\/wp\/v2\/users\/1"}],"replies":[{"embeddable":true,"href":"https:\/\/afref.eu\/index.php\/wp-json\/wp\/v2\/comments?post=32"}],"version-history":[{"count":1,"href":"https:\/\/afref.eu\/index.php\/wp-json\/wp\/v2\/pages\/32\/revisions"}],"predecessor-version":[{"id":33,"href":"https:\/\/afref.eu\/index.php\/wp-json\/wp\/v2\/pages\/32\/revisions\/33"}],"wp:attachment":[{"href":"https:\/\/afref.eu\/index.php\/wp-json\/wp\/v2\/media?parent=32"}],"curies":[{"name":"wp","href":"https:\/\/api.w.org\/{rel}","templated":true}]}}